igit of 5259458?
9
What is the units digit of 8874489?
9
What is the tens digit of 211726?
2
What is the thousands digit of 302855?
2
What is the hundred thousands digit of 1613785?
6
What is the ten thousands digit of 897401?
9
What is the hundreds digit of 179535?
5
What is the ten thousands digit of 949527?
4
What is the units digit of 4897654?
4
What is the ten thousands digit of 871963?
7
What is the ten thousands digit of 718389?
1
What is the ten millions digit of 22504909?
2
What is the millions digit of 1214336?
1
What is the thousands digit of 4772903?
2
What is the hundreds digit of 256200?
2
What is the hundred thousands digit of 3322515?
3
What is the hundreds digit of 349459?
4
What is the hundreds digit of 188653?
6
What is the hundreds digit of 16025271?
2
What is the ten thousands digit of 8764020?
6
What is the units digit of 2234?
4
What is the millions digit of 4454348?
4
What is the thousands digit of 519662?
9
What is the tens digit of 121388?
8
What is the thousands digit of 727741?
7
What is the units digit of 14160579?
9
What is the thousands digit of 5797939?
7
What is the tens digit of 373999?
9
What is the ten thousands digit of 10089084?
8
What is the units digit of 482395?
5
What is the units digit of 3587889?
9
What is the hundred thousands digit of 362768?
3
What is the hundred thousands digit of 1966342?
9
What is the hundreds digit of 4073226?
2
What is the thousands digit of 247590?
7
What is the thousands digit of 3206976?
6
What is the millions digit of 15326423?
5
What is the tens digit of 6850070?
7
What is the hundred thousands digit of 1442857?
4
What is the ten thousands digit of 618954?
1
What is the millions digit of 24569626?
4
What is the thousands digit of 1925878?
5
What is the tens digit of 4912644?
4
What is the ten thousands digit of 282992?
8
What is the thousands digit of 2802549?
2
What is the hundreds digit of 599370?
3
What is the ten thousands digit of 19128943?
2
What is the tens digit of 200102?
0
What is the thousands digit of 812029?
2
What is the hundreds digit of 121082?
0
What is the millions digit of 1947113?
1
What is the hundreds digit of 17323?
3
What is the units digit of 12252481?
1
What is the millions digit of 4152960?
4
What is the hundreds digit of 315011?
0
What is the ten millions digit of 28229669?
2
What is the tens digit of 308705?
0
What is the millions digit of 10950229?
0
What is the tens digit of 834432?
3
What is the hundreds digit of 301668?
6
What is the tens digit of 11168222?
2
What is the ten millions digit of 10173663?
1
What is the millions digit of 30830920?
0
What is the ten thousands digit of 6960915?
6
What is the hundreds digit of 277470?
4
What is the units digit of 404841?
1
What is the millions digit of 1593494?
1
What is the hundreds digit of 433051?
0
What is the thousands digit of 79629?
9
What is the ten thousands digit of 2354624?
5
What is the millions digit of 1495423?
1
What is the hundreds digit of 3539?
5
What is the millions digit of 1490079?
1
What is the thousands digit of 9055287?
5
What is the hundreds digit of 134405?
4
What is the hundred thousands digit of 4939314?
9
What is the millions digit of 29134082?
9
What is the hundred thousands digit of 331310?
3
What is the hundreds digit of 17642548?
5
What is the hundreds digit of 3657588?
5
What is the hundred thousands digit of 20257934?
2
What is the tens digit of 366576?
7
What is the ten thousands digit of 2093741?
9
What is the tens digit of 1665433?
3
What is the ten thousands digit of 33229139?
2
What is the units digit of 431697?
7
What is the thousands digit of 12006111?
6
What is the tens digit of 438765?
6
What is the thousands digit of 4131965?
1
What is the thousands digit of 6560998?
0
What is the ten thousands digit of 246580?
4
What is the thousands digit of 706996?
6
What is the tens digit of 6929548?
4
What is the units digit of 2280616?
6
What is the thousands digit of 8822?
8
What is the millions digit of 13706587?
3
What is the units digit of 766471?
1
What is the thousands digit of 23518493?
8
What is the hundred thousands digit of 640926?
6
What is the units digit of 723596?
6
What is the units digit of 20575822?
2
What is the tens digit of 115190?
9
What is the hundred thousands digit of 1300961?
3
What is the thousands digit of 61018?
1
What is the millions digit of 1197530?
1
What is the hundred thousands digit of 303322?
3
What is the ten millions digit of 14633765?
1
What is the hundred thousands digit of 1914213?
9
What is the hundred thousands digit of 7204795?
2
What is the tens digit of 304993?
9
What is the hundreds digit of 240348?
3
What is the ten thousands digit of 29491?
2
What is the tens digit of 2782850?
5
What is the thousands digit of 298153?
8
What is the tens digit of 12816759?
5
What is the ten thousands digit of 2166891?
6
What is the units digit of 1780120?
0
What is the tens digit of 2293752?
5
What is the hundred thousands digit of 14245318?
2
What is the units digit of 954504?
4
What is the tens digit of 3975407?
0
What is the hundred thousands digit of 760380?
7
What is the thousands digit of 421594?
1
What is the ten thousands digit of 1052374?
5
What is the tens digit of 576801?
0
What is the thousands digit of 7005027?
5
What is the thousands digit of 128707?
8
What is the tens digit of 433002?
0
What is the hundreds digit of 401844?
8
What is the thousands digit of 1019564?
9
What is the tens digit of 220888?
8
What is the hundred thousands digit of 2851006?
8
What is the units digit of 623518?
8
What is the hundred thousands digit of 4540844?
5
What is the thousands digit of 176105?
6
What is the tens digit of 375386?
8
What is the units digit of 94587?
7
What is the thousands digit of 370690?
0
What is the hundred thousands digit of 721964?
7
What is the hundreds digit of 1536846?
8
What is the hundred thousands digit of 1847898?
8
What is the tens digit of 361736?
3
What is the units digit of 571985?
5
What is the units digit of 1460379?
9
What is the units digit of 6829127?
7
What is the thousands digit of 68805?
8
What is the units digit of 2666078?
8
What is the tens digit of 531141?
4
What is the ten thousands digit of 1379738?
7
What is the hundreds digit of 403004?
0
What is the ten thousands digit of 1792714?
9
What is the thousands digit of 767028?
7
What is the hundred thousands digit of 23374456?
3
What is the ten thousands digit of 307833?
0
What is the units digit of 51882?
2
What is the thousands digit of 15493235?
3
What is the thousands digit of 348262?
8
What is the units digit of 893829?
9
What is the hundred thousands digit of 9043441?
0
What is the millions digit of 1168171?
1
What is the units digit of 253639?
9
What is the hundreds digit of 4905307?
3
What is the hundreds digit of 17412398?
3
What is the tens digit of 44206?
0
What is the ten thousands digit of 2878694?
7
What is the units digit of 18243180?
0
What is the hundred thousands digit of 10474925?
4
What is the tens digit of 18384?
8
What is the hundreds digit of 2833275?
2
What is the units digit of 439060?
0
What is the units digit of 354308?
8
What is the tens digit of 8131347?
4
What is the millions digit of 28805354?
8
What is the tens digit of 668866?
6
What is the hundreds digit of 579398?
3
What is the thousands digit of 281308?
1
What is the thousands digit of 545201?
5
What is the hundred thousands digit of 8479452?
4
What is the hundreds digit of 1025599?
5
What is the thousands digit of 190131?
0
What is the ten thousands digit of 90478?
9
What is the ten thousands digit of 839115?
3
What is the units digit of 436767?
7
What is the thousands digit of 76875?
6
What is the tens digit of 1152956?
5
What is the ten millions digit of 11011532?
1
What is the hundreds digit of 639218?
2
What is the ten millions digit of 26831932?
2
What is the thousands digit of 2619889?
9
What is the hundred thousands digit of 1695872?
6
What is the tens digit of 935820?
2
What is the hundreds digit of 4291344?
3
What is the units digit of 446579?
9
What is the units digit of 168568?
8
What is the ten thousands digit of 1606142?
0
What is the hundreds digit of 671401?
4
What is the units digit of 4079112?
2
What is the units digit of 21093468?
8
Wh